*y**2 + 10*y - 1. Is b(q) a composite number?
False
Let v(n) = -11*n + 1. Let q be v(1). Let z(x) = x**2 - 4*x + 9. Is z(q) composite?
False
Let f = -692 - -1425. Let w = f - 516. Is w composite?
True
Let l(k) = -568*k**3 - 5*k**2 - 3*k + 5. Is l(-2) a prime number?
False
Suppose 0 = 5*o - 0*o - 15. Suppose 3*c = 2*g + 765, 1694 = 5*c - o*g + 418. Is c a composite number?
False
Let w be (-234)/(-10) + 2/(-5). Let c(q) = q**3 + 6*q**2 + q + 12. Let y be c(-5). Let g = y - w. Is g composite?
True
Let t(b) = 5*b**2 - b + 1. Let q be t(1). Suppose -3*d = d + q*x - 1138, -5*x = -5*d + 1445. Is d prime?
False
Suppose 0 = 4*d - 2334 - 638. Is d prime?
True
Suppose -n - w = -37, -4*w = -2*n + 71 - 9. Is n a composite number?
True
Let p be 2 + -24 + -1 + -1. Let t = p + 34. Is t a composite number?
True
Suppose -3*b = -4*b. Is 3 + (-12 + b)/(-3) composite?
False
Suppose 0 = 5*g - 3*i - 25, 0 = 3*g + i + 2*i - 15. Suppose -2*a + 4*w = -554 - 292, -2*a = -g*w - 850. Is a a composite number?
True
Let i(d) = -d**2 - 22*d - 7. Let t(r) = -r**2 + 2*r + 3. Let s be t(5). Is i(s) a prime number?
True
Let h = -1745 + 4512. Is h composite?
False
Is 1270/6 + (-4)/6 prime?
True
Let j = 263 + 356. Is j a composite number?
False
Let t(q) = -q**3 + q**2 - q + 9. Let r be t(0). Let m be r*3*3/27. Is (m - 0)/(1/3) composite?
True
Let j(g) = -2*g - 3. Let q be j(-3). Suppose -q*o = -251 - 172. Is o composite?
True
Suppose -3*z + 5*w = 25, 5*w - 12 = 2*z + 8. Let t(s) = -14*s - 1. Is t(z) a prime number?
False
Let p(s) = s**3 + 9*s**2 + 4*s + 3. Is p(-8) prime?
False
Let c(l) = l**2 + 6*l + 7. Let s be c(-7). Suppose -187 = -3*j + s. Is j a composite number?
False
Let g(f) = f**2 - 9*f - 9. Let h(z) = -8*z - 9. Let c(v) = 3*g(v) - 4*h(v). Is c(7) a composite number?
False
Let b = -571 + 1620. Is b a prime number?
True
Is 80/(-120)*(1 + 16102/(-4)) composite?
False
Is (2 - (4 + -6)) + 1245 prime?
True
Suppose -g + 89 = 4*r - 9175, -11589 = -5*r + g. Is r composite?
True
Let l be (-28)/(-6) - 6/(-18). Let f be 2/l + (-2961)/(-35). Suppose -3*g + f = -14. Is g composite?
True
Is -1 + (-3)/(-4) + (-44723)/(-28) prime?
True
Suppose -c = 5*u + 206 - 757, -u - 2*c + 112 = 0. Suppose -6*h - u = -512. Is h composite?
False
Let g = -27 + 50. Is g a composite number?
False
Suppose -y - 2 - 7 = m, -2*y + 10 = 0. Let l be 4/14 - 52/m. Suppose -3*p = 5*z - 41, p - l = -2*z + 6*p. Is z composite?
False
Suppose -4*b - 25 + 1 = 0. Let j be (4/b)/((-4)/6). Is j/2 - 186/(-4) a composite number?
False
Let f = 1 - -3. Suppose f*h - 161 = 75. Is h composite?
False
Let f = -3 - -7. Let a(y) = -y + y**3 - y**3 + 2*y**2 - 5 + y**3 + 0*y**3. Is a(f) a composite number?
True
Is 3/((-5700)/(-1895) - 3) composite?
False
Let z = -8288 - -14293. Is z prime?
False
Let g(d) = -d**3 - 2*d**2 + 5*d - 3. Let i(o) = o**3 + 3*o**2 - 5*o + 4. Let x(t) = -5*g(t) - 4*i(t). Let f be x(-4). Let n = -46 - f. Is n prime?
True
Let d(p) = -2*p**3 - 11*p**2 - 6*p + 3. Let c(i) = -5*i**3 - 23*i**2 - 11*i + 5. Let t(b) = -4*c(b) + 9*d(b). Is t(6) composite?
False
Let p(x) = -x**3 + 5*x**2 + 6*x - 5. Is p(4) a prime number?
False
Suppose 0*v + v - 1195 = 0. Is v prime?
False
Let o be 6/(-21) - (-2)/7. Suppose o*p + 3 = p. Is (-1290)/(-8) - p/12 prime?
False
Suppose o - 1813 = 1350. Is o a prime number?
True
Suppose 4*s + 953 = 5*p, -4*s + 103 + 681 = 4*p. Suppose 4*i - p - 123 = 0. Is i a composite number?
False
Let d = -10 - -15. Let f be (111/d)/((-4)/(-20)). Suppose -2*y = y - f. Is y a prime number?
True
Suppose -24 + 127 = c. Is c a prime number?
True
Let j(f) = 2*f**3 - 8*f**2 - f + 5. Suppose 0 = -3*b + 50 - 8. Let g = b - 8. Is j(g) prime?
False
Let h = 41 - 20. Is h composite?
True
Let d(z) = 5*z - 3. Let l be d(3). Let g = 25 - l. Is g a composite number?
False
Let c = -537 + 1028. Is c composite?
False
Let n be 6/(-9)*3 + 186. Suppose 3*j = -j + n. Is j prime?
False
Let q(v) = -v**3 + 25*v**2 - 30*v + 17. Is q(16) a composite number?
True
Let j(t) = t**3 - 7*t**2 + 7*t + 10. Let r(o) = 2*o**3 - 6*o**2 + 6*o + 9. Let k(a) = 4*j(a) - 5*r(a). Is k(-4) composite?
False
Let b(w) = -w**3 + 14*w**2 - 4*w - 1. Is b(10) a prime number?
True
Is 0 + (1 - 4) - (-2670)/3 a prime number?
True
Let z be 5 + 1 + -4 + 1. Suppose 2*d = z*d - 260. Let j = 381 - d. Is j a prime number?
False
Let u = 102 - -372. Suppose 6*f - u = 3*f. Is f prime?
False
Suppose 4*n = -0*n + 16. Suppose n*r = 8 + 380. Is r prime?
True
Let k = -37 + 74. Is k a composite number?
False
Suppose -2*w + w = -3*k + 102, -k + 4*w = -34. Suppose -245 = -g - k. Is g a prime number?
True
Let f = 8 - 6. Suppose 5*q - 2*n = 144, 5*n + 15 = -3*q + 4*q. Suppose t = f*v + 3*v - q, -2*v + 3*t = -12. Is v prime?
False
Let w(u) = 5*u**3 - 3*u**2 - u + 1. Is w(6) a composite number?
False
Let f = -10 + 14. Suppose 3*v - f*v = 3*q - 10, 3*q - 4 = -4*v. Is (-37)/((v - -3) + -2) composite?
False
Let r(b) = -3*b**3 - 2 + 4*b + 2*b**2 - 3*b + b**3. Suppose -2*j + 2 = -3*a - 7, 3*a = -15. Is r(j) prime?
True
Let o be (-1)/5 + (-168)/(-15). Suppose u + t = -78 - o, 3*u - 3*t + 273 = 0. Let c = -53 - u. Is c composite?
False
Suppose 2*o = -2*o + 196. Let z = o + 134. Is z a composite number?
True
Let u(l) = 11*l + 19. Let d(k) = -5*k - 10. Suppose 4 = 5*f + 19, 0 = -2*z + f - 3. Let o(n) = z*u(n) - 5*d(n). Is o(-5) a composite number?
True
Let g(u) = 37*u - 5. Let s be g(8). Suppose 5*c - s = 4*m, 3 = 4*m - m. Is c a composite number?
False
Let h be (-1)/1 - (2 - -1). Let b = 3 + h. Is -1 - b - (-12 - 2) composite?
True
Let b be 2/6*3/1. Is ((-2)/(-2))/b + 88 prime?
True
Let n = 6 + -6. Suppose b - 25 = -n*b. Is b a prime number?
False
Let s(v) = -v + 40. Let l be s(0). Suppose -l = -r + 43. Is r composite?
False
Suppose 5*z - 4*g = 18463, -1486 = z - 2*g - 5181. Is z a prime number?
True
Let y(c) = -c**3 - 8*c**2 - 4*c + 11. Let a be (-4)/2 - (-3 + 9). Let b be y(a). Suppose -v + 41 = r + v, -b = -r - 3*v. Is r composite?
False
Suppose 3*i - 2*i + 21 = 0. Is ((-21)/9)/(1/i) prime?
False
Suppose -2*l + 8 = 2*c, -3*c - 13 = -4*l - 4*c. Suppose -48 = l*z - 4*i + 17, 3*z + 2*i = -35. Let d = z + 50. Is d a prime number?
False
Is (-8)/(-14) - 22269/(-21) a prime number?
True
Suppose -1 = 2*v - 5. Suppose -v*o + 704 = 2*o. Suppose 0 = -5*i - 20, -4*k + 0*k - 3*i + o = 0. Is k prime?
True
Let t(j) = 9*j**3 + 3*j**2 - 4*j + 2. Suppose -2*d + 4 = -0. Let g be t(d). Let h = g - 56. Is h composite?
True
Suppose 0*q = -4*q - 84. Let j = q + 40. Is j a composite number?
False
Let o(h) = 5*h**2 - 5*h + 7. Is o(-8) composite?
False
Is 8/((-12)/(-3)) - (-2 + -2149) a composite number?
False
Let o(k) = k**2 + 19. Let q be o(0). Suppose -r = -3*b - q, 155 = 4*r + r - 3*b. Is r a prime number?
False
Let q(j) = -9*j**2 + 21*j + 21. Let f(n) be the third derivative of n**5/60 - n**4/12 - n**3/3 + 2*n**2. Let d(k) = 63*f(k) + 6*q(k). Is d(-1) a prime number?
False
Suppose -4*d = d. Let c = 3 + d. Suppose -104 = -n - c*n. Is n a composite number?
True
Let p(y) = 54*y + 1. Let m(a) = a**2 - a + 1. Suppose 4 = -5*k + 9. Let w be m(k). Is p(w) a prime number?
False
Let v(d) = -3*d - 3. Let p be v(6). Let w = p - -28. Is w a composite number?
False
Let j(g) = 12*g - 5. Is j(2) composite?
False
Let f(h) = -h**3 + 18*h**2 - 16*h - 20. Let t be f(16). Suppose -93 - 145 = -a + 3*x, -x = -a + t. Is a composite?
True
Let m = 6 + -8. Let b = 94 - 27. Is ((m - -3) + 0)*b a composite number?
False
Let c = -2 - -1. Suppose 31 + 69 = 5*j. Let q = c + j. Is q a prime number?
True
Let z be 269/2*(2 - 0). Let r = -482 - -308. Let y = r + z. Is y prime?
False
Suppose 493 - 2114 = -3*c + r, -c - 4*r = -549. Is c a prime number?
True
Let l(h) = -2*h - 3. Suppose 5*k + 4 = 19. Let b be l(k). Let q(i) = i**3 + 10*i**2 - 6*i - 4. Is q(b) a prime number?
True
Let x = 7 - 1. Let u be (1 - 0)/((-1)/(-3)). Suppose -u*s = -x*s + 165. Is s a composite number?
True
Is 7795*(24/20)/6 a composite number?
False
Suppose 5*o + 4 = 2*a + a, -4*o = 4*a + 48. Let i be (-1 - -1*1) + 26. Let k = a + i. Is k a prime number?
True
Let f be (0 - 14)/(2 - 4). Suppose -c = -58 + f. Suppose y + 18 = 2*z, -3*z + c = -5*y + 10. Is z a prime number?
True
Let o(m) be the third derivative of m**6/120 - 3*m**5/40 - m**4/24 + m**3/3 + 4*m**2. Let l